e
Is 143053 a composite number?
False
Is 54947 a composite number?
True
Is 114293 a composite number?
True
Is 482383 composite?
True
Is 6187 a prime number?
False
Is 458377 a composite number?
False
Is 8633 composite?
True
Is 58471 composite?
True
Is 20593 a composite number?
False
Is 1446761 composite?
False
Is 36377 a composite number?
True
Is 93679 prime?
False
Is 67153 a composite number?
False
Is 82931 prime?
False
Is 3989 prime?
True
Is 251939 a composite number?
False
Is 565 a composite number?
True
Is 32177 a composite number?
True
Is 551 a prime number?
False
Is 3353 a prime number?
False
Is 12920003 prime?
True
Is 1471 a prime number?
True
Is 101267 composite?
False
Is 1274991 composite?
True
Is 5533 a prime number?
False
Is 1963483 composite?
True
Is 49681 a prime number?
True
Is 62851 prime?
True
Is 342929 prime?
True
Is 8717 prime?
False
Is 479 prime?
True
Is 432277 composite?
False
Is 121991 a composite number?
True
Is 457757 prime?
True
Is 142073 composite?
True
Is 397 a composite number?
False
Is 67903 prime?
False
Is 801785 a composite number?
True
Is 10895 a composite number?
True
Is 2099 prime?
True
Is 1190663 a composite number?
True
Is 1814 a composite number?
True
Is 143801 prime?
False
Is 72739 a composite number?
False
Is 49399 a composite number?
True
Is 3919655 a prime number?
False
Is 1070651 prime?
False
Is 6761 a composite number?
False
Is 102587 prime?
True
Is 24445 composite?
True
Is 122 a prime number?
False
Is 44243 prime?
False
Is 617647 composite?
False
Is 1072527 a composite number?
True
Is 6749 prime?
False
Is 239047 composite?
True
Is 276061 a composite number?
True
Is 595429 prime?
False
Is 15163769 a prime number?
True
Is 3643 prime?
True
Is 12115 composite?
True
Is 1343009 composite?
False
Is 95911 prime?
True
Is 69811 a composite number?
True
Is 104731 composite?
True
Is 13907 a prime number?
True
Is 31469 prime?
True
Is 4507 composite?
False
Is 20663 prime?
True
Is 1116841 prime?
False
Is 1098787 prime?
True
Is 1099 prime?
False
Is 8927 a prime number?
False
Is 853 a composite number?
False
Is 14917 composite?
True
Is 22229 a prime number?
True
Is 493778 composite?
True
Is 595513 a composite number?
False
Is 2777 a composite number?
False
Is 13973 prime?
False
Is 20627 prime?
True
Is 7981 composite?
True
Is 11623 a prime number?
False
Is 268959 composite?
True
Is 188107 composite?
False
Is 221159 a composite number?
False
Is 1091819 prime?
False
Is 7861 a prime number?
False
Is 15479 prime?
False
Is 70933 a prime number?
False
Is 12437 a prime number?
True
Is 1103237 a composite number?
False
Is 18663 a composite number?
True
Is 764903 composite?
False
Is 851 composite?
True
Is 183023 composite?
False
Is 17497 composite?
False
Is 208877 a prime number?
True
Is 1889 composite?
False
Is 3431 a prime number?
False
Is 47981 a prime number?
True
Is 148331 a prime number?
True
Is 63463 a composite number?
False
Is 850417 a prime number?
True
Is 2317 prime?
False
Is 1678 composite?
True
Is 659917 a prime number?
True
Is 411343 composite?
True
Is 271981 composite?
False
Is 144749 composite?
True
Is 74471 composite?
False
Is 125777 a composite number?
False
Is 33379 prime?
False
Is 184159 composite?
True
Is 21039 prime?
False
Is 11389 composite?
True
Is 331819 a composite number?
False
Is 7061 prime?
False
Is 486627 a prime number?
False
Is 1761 a composite number?
True
Is 180935 composite?
True
Is 976381 composite?
True
Is 34097 composite?
True
Is 784481 composite?
False
Is 133573 a prime number?
False
Is 91281 a composite number?
True
Is 564593 composite?
False
Is 622547 composite?
False
Is 2554 prime?
False
Is 508169 prime?
False
Is 18059 composite?
False
Is 3791 composite?
True
Is 37911 a composite number?
True
Is 16163 prime?
False
Is 75659 prime?
True
Is 62609 a prime number?
False
Is 1637 composite?
False
Is 2839 composite?
True
Is 29941 prime?
False
Is 4411 composite?
True
Is 11179 a composite number?
True
Is 103067 a prime number?
True
Is 4859 a composite number?
True
Is 1123057 a composite number?
True
Is 14867 composite?
False
Is 95063 prime?
True
Is 485 a prime number?
False
Is 228703 a prime number?
False
Is 38579 a prime number?
False
Is 987242 composite?
True
Is 7639 a prime number?
True
Is 37483 prime?
True
Is 74843 a prime number?
True
Is 323723 a composite number?
True
Is 22147 a prime number?
True
Is 54551 composite?
True
Is 3011 composite?
False
Is 173153 a prime number?
False
Is 6047 composite?
False
Is 109909 composite?
True
Is 17191 composite?
False
Is 31561 prime?
False
Is 933151 prime?
True
Is 7789 a prime number?
True
Is 5755 prime?
False
Is 492007 a composite number?
False
Is 17023 a composite number?
True
Is 159389 composite?
False
Is 293 composite?
False
Is 331581 prime?
False
Is 13997 composite?
False
Is 2771 a prime number?
False
Is 1040837 a prime number?
False
Is 1043 prime?
False
Is 13001 composite?
False
Is 88547 a prime number?
True
Is 1257647 a prime number?
True
Is 3133 a composite number?
True
Is 485267 composite?
True
Is 1916231 a composite number?
False
Is 49439 a prime number?
False
Is 267959 composite?
False
Is 194069 prime?
True
Is 44815 prime?
False
Is 66349 composite?
True
Is 37397 a prime number?
True
Is 847531 a composite number?
False
Is 155399 prime?
True
Is 1151 prime?
True
Is 88943 a composite number?
True
Is 27271 prime?
True
Is 207641 composite?
True
Is 1741 a composite number?
False
Is 20807 a composite number?
False
Is 4037 prime?
False
Is 43207 a composite number?
False
Is 22979 a prime number?
False
Is 9897 a composite number?
True
Is 767621 a composite number?
True
Is 7162 a prime number?
False
Is 56087 a prime number?
True
Is 123343 prime?
False
Is 308213 composite?
False
Is 49633 composite?
False
Is 3761 a prime number?
True
Is 102359 a composite number?
False
Is 14479 a prime number?
True
Is 824909 composite?
True
Is 633 a composite number?
True
Is 279173 prime?
True
Is 743 a prime number?
True
Is 31163 a prime number?
False
Is 4451 prime?
True
Is 40693 prime?
True
Is 45719 a composite number?
True
Is 29149 a composite number?
True
Is 15313 prime?
True
Is 46997 a prime number?
True
Is 24014 composite?
True
Is 5285099 a composite number?
False
Is 51361 a prime number?
True
Is 5587 a composite number?
True
Is 3962963 a composite number?
True
Is 189883 a composite number?
True
Is 26447 a composite number?
True
Is 1752761 prime?
False
Is 32401 prime?
True
Is 103315 a composite number?
True
Is 4399 prime?
False
Is 1001713 prime?
True
Is 95419 prime?
True
Is 400513 a prime number?
False
Is 14101 a prime number?
False
Is 9607 a prime number?
False
Is 408659 prime?
True
Is 30759 prime?
False
Is 29837 prime?
True
Is 1845913 prime?
True
Is 9469 composite?
True
Is 74321 prime?
False
Is 115057 a composite number?
False
Is 18299 a prime number?
False
Is 50207 a prime number?
True
Is 40387 prime?
True
Is 56759 prime?
False
Is 91079 composite?
False
Is 428999 a prime number?
False
Is 11851 a prime number?
False
Is 730437 composite?
True
Is 93917 composite?
True
Is 2062 a composite number?
True
Is 1679 composite?
True
Is 186397 composite?
False
Is 185281 a composite number?
True
Is 2351993 a prime number?
False
Is 67997 composite?
True
Is 24499 prime?
True
Is 61751 a composite number?
False
Is 31909 a prime number?
False
Is 14851 a composite number?
False
Is 152879 composite?
False
Is 317999 composite?
True
Is 45169 composite?
True
Is 17873 a prime number?
False
Is 689 a composite number?
True
Is 7789 a prime number?
True
Is 11657 a prime number?
True
Is 104347 prime?
True
Is 517907 a composite number?
True
Is 11351 a composite number?
False
Is 9529 a composite number?
True
Is 7586 a prime number?
False
Is 507491 a composite number?
False
Is 125683 a prime number?
True
Is 96895 prime?
False
Is 7795 a composite number?
True
Is 660887 composite?
False
Is 441041 a composite number?
False
Is 12277 a prime number?
True
Is 906089 composite?
False
Is 17657 prime?
True
Is 338269 composite?
False
Is 12349 a prime number?
False
Is 379 composite?
False
Is 138151 prime?
False
Is 127189 composite?
False
Is 154753 a composite number?
False
Is 62039 composite?
False
Is 27179 composite?
False
Is 324699 composite?
True
Is 17399 a prime number?
False
Is 275599 a composite numbe